{"id":96,"date":"2024-06-22T20:20:54","date_gmt":"2024-06-22T18:20:54","guid":{"rendered":"http:\/\/www.ins-online.pl:8080\/?page_id=96"},"modified":"2024-06-26T07:09:48","modified_gmt":"2024-06-26T05:09:48","slug":"strona-glowna","status":"publish","type":"page","link":"https:\/\/www.ins-online.pl\/","title":{"rendered":"Strona g\u0142\u00f3wna"},"content":{"rendered":"\n<p>Szanowni Pa\u0144stwo.<\/p>\n\n\n\n<p>Z nieskrywan\u0105 satysfakcj\u0105 pragniemy powita\u0107 Pa\u0144stwa na \u0142amach serwisu internetowego firmy <strong>ins-online<\/strong>. Znajd\u0105 tutaj Pa\u0144stwo informacje o profilu dzia\u0142alno\u015bci firmy, firmowych aktualno\u015bciach, szczeg\u00f3\u0142ach technicznych naszych produkt\u00f3w sprz\u0119towych i wiele innych. Nasz serwis b\u0119dzie regularnie aktualizowany, co &#8211; jak mamy nadziej\u0119 &#8211; u\u0142atwi Pa\u0144stwu dotarcie do potrzebnych informacji, a te b\u0119d\u0105 zweryfikowane i wyczerpuj\u0105ce.<br>Do\u0142o\u017cymy wszelkich stara\u0144, aby nasi Klienci mogli nieprzerwanie liczy\u0107 na najwy\u017cszy standard obs\u0142ugi i satysfakcjonuj\u0105c\u0105 wsp\u00f3\u0142prac\u0119. Zach\u0119camy do kontaktu telefonicznego, mailowego lub osobistego, ch\u0119tnie zapoznamy si\u0119 z Pa\u0144stwa potrzebami i postaramy si\u0119 zaproponowa\u0107 optymalne rozwi\u0105zania.<\/p>\n","protected":false},"excerpt":{"rendered":"<p>Szanowni Pa\u0144stwo. Z nieskrywan\u0105 satysfakcj\u0105 pragniemy powita\u0107 Pa\u0144stwa na \u0142amach serwisu internetowego firmy ins-online. Znajd\u0105 [&hellip;]<\/p>\n","protected":false},"author":1,"featured_media":0,"parent":0,"menu_order":0,"comment_status":"closed","ping_status":"closed","template":"","meta":{"footnotes":""},"class_list":["post-96","page","type-page","status-publish","hentry"],"_links":{"self":[{"href":"https:\/\/www.ins-online.pl\/index.php\/wp-json\/wp\/v2\/pages\/96","targetHints":{"allow":["GET"]}}],"collection":[{"href":"https:\/\/www.ins-online.pl\/index.php\/wp-json\/wp\/v2\/pages"}],"about":[{"href":"https:\/\/www.ins-online.pl\/index.php\/wp-json\/wp\/v2\/types\/page"}],"author":[{"embeddable":true,"href":"https:\/\/www.ins-online.pl\/index.php\/wp-json\/wp\/v2\/users\/1"}],"replies":[{"embeddable":true,"href":"https:\/\/www.ins-online.pl\/index.php\/wp-json\/wp\/v2\/comments?post=96"}],"version-history":[{"count":5,"href":"https:\/\/www.ins-online.pl\/index.php\/wp-json\/wp\/v2\/pages\/96\/revisions"}],"predecessor-version":[{"id":133,"href":"https:\/\/www.ins-online.pl\/index.php\/wp-json\/wp\/v2\/pages\/96\/revisions\/133"}],"wp:attachment":[{"href":"https:\/\/www.ins-online.pl\/index.php\/wp-json\/wp\/v2\/media?parent=96"}],"curies":[{"name":"wp","href":"https:\/\/api.w.org\/{rel}","templated":true}]}}